t i(p) = 14*p - 6. Let h(j) = c*i(j) + 4*x(j). What is h(3)?
28
Let p = -20307 + 20307. Let r(t) = -40*t + 7. Determine r(p).
7
Let x(q) = -17*q. Let o = 6 + -4. Suppose -7 = 5*k + o*k. Give x(k).
17
Let l(x) = 1259*x + 4 - 2525*x - 62 + 1260*x - 32. Calculate l(-13).
-12
Let l(o) = -8*o**2 + 3*o - 1. Let k be l(-5). Let a be (-5 - (15 - 8))/(-3). Let x be (2/a)/((-27)/k). Let s(g) = g - 1. Give s(x).
3
Let h be (3/(-2))/((-2)/8). Let q(w) be the second derivative of -w**3/2 + 93*w - 7. What is q(h)?
-18
Let r(z) = 7*z**3 + 12*z**2 - 10*z. Suppose 11*k + 3*k - 84 = 0. Let i(q) = q**3 + q**2 - 2*q + 1. Let t(n) = k*i(n) - r(n). Give t(-6).
18
Let o = 1735 + -1717. Let a(r) = 2*r - 37. Give a(o).
-1
Let k be (-1)/(-2)*(3 + -1). Let d(w) = 6*w**3 - w**2 + 1. Let z be d(k). Let v(r) = -2 - 2 - 2 - 4*r + r**2 - 2. What is v(z)?
4
Let n(q) = -7*q + 103. Let o(u) = -5*u + 74. Let x(r) = -3*n(r) + 4*o(r). Give x(-6).
-19
Suppose 0 = 3*x - 0*x. Suppose -2*i = -2*n - 14, x = -5*n + 4*i - 7 - 26. Let b(c) = 63*c**2 - 122*c**2 + 63*c**2 - 6 + c**3 - 6*c. Determine b(n).
-1
Let u(q) = -24*q**3 - 5*q**2 - 5*q + 2. Let l(z) = 24*z**3 + 6*z**2 + 6*z - 3. Let a(g) = 3*l(g) + 4*u(g). Suppose -2*d = x + 5, -4*x = 4*d + 13 - 1. Give a(x).
23
Let v(s) = s**3 + 38*s**2 - s - 49. Let p = -4702 + 4664. Calculate v(p).
-11
Suppose 5 = 3*x - 1. Suppose 5*n - 53 = 2*f, 3*n - 34 = -f - 0*f. Let z(g) = 7*g - 6. Let t(q) = -35*q + 31. Let s(w) = n*z(w) + x*t(w). Give s(3).
17
Let w(k) be the first derivative of -3*k**2/2 + 9*k - 12. Let d = 43 + 1. Suppose -11*c = -55 - d. Give w(c).
-18
Let g(t) be the second derivative of t**5/20 + t**4/3 - 2*t**2 - t. Suppose -p - 1 = -2*q, -3*p + 7*p - 3*q = -14. What is g(p)?
-29
Let z(t) = 11 - 9 - t**2 + 5 + 0 + 7 + 6*t. Determine z(6).
14
Suppose 32*f + 8 = 36*f. Let v(y) be the third derivative of -y**4/12 + 5*y**3/6 + 3*y**2 + 7. What is v(f)?
1
Let s be 6/(-6)*5 + -5 + 4/(-4). Let l(o) = -o**3 - 11*o**2 - 5*o - 15. Determine l(s).
40
Let x(k) = -k. Let y(j) = -6*j + 2. Let m(s) = 28*x(s) - 4*y(s). Let q be m(-9). Suppose -67 = -5*w - 2*p - q, 3*p + 18 = w. Let v(n) = -n + 3. What is v(w)?
-6
Let i(o) be the third derivative of o**5/30 + o**4/12 - 2*o**3/3 - 30*o**2 - 4*o. Give i(2).
8
Let k(m) be the first derivative of m**4/4 - 2*m**3 + 5*m - 2718. Calculate k(4).
-27
Let k(w) = w**2 + 10*w + 11. Let f = -46 - -38. What is k(f)?
-5
Let l(p) = -403*p + 4438. Let s be l(11). Let h(x) = -7*x + 17. Calculate h(s).
-18
Let a(z) = -2*z + 9. Suppose -35*g + 2*d - 7 = -38*g, -12 = -4*g - 2*d. What is a(g)?
-1
Suppose 0 = 3*g - 3*v - 24, -2*v = 2*g - 7 - 9. Suppose 6*o + 38 = g. Let f(z) = -2*z**2 + 4*z - z + 3*z**2 - 7. Calculate f(o).
3
Let q(y) = y**2 - 7*y - 9. Let a = -225 - -323. Suppose -d - 13*d = -a. Determine q(d).
-9
Let d(x) be the third derivative of x**5/30 + x**4/12 - x**3/6 + 2*x**2. Suppose 6*c + 253 + 299 = 0. Let h = 94 + c. Calculate d(h).
11
Let m(i) = 2*i + 2. Let j(v) = 5*v**3 + 3*v**2 + 3*v - 4. Let s be j(-4). Let r = s - -292. Determine m(r).
10
Let t = 161 + -169. Let m be t/32*(-5 + 1)*2. Let c(p) = -p**2 + 3*p - 2. Give c(m).
0
Let w(b) = b**3 - 9*b**2 + b + 2. Let k be w(9). Let y(z) = -z**2 + 12*z - 17. Let p be y(k). Let s(m) = m**2 + 9*m + 8. What is s(p)?
-10
Let u be (42/28)/((-6)/(-16)). Suppose 2*j = -2 - 0, 0 = u*v + 3*j + 7. Let t(p) be the second derivative of -p**3 - p**2/2 - 12*p. What is t(v)?
5
Suppose -b - b = 3*s, 0 = 4*b - 4*s - 20. Let p(w) be the second derivative of w**4/12 + w**2 + 512*w + 3. Calculate p(b).
11
Suppose 268 = -2*w - 2*w + 5*l, -3*w - l = 220. Let i = -2798 + 2871. Let r = i + w. Let k(c) = c**2. Give k(r).
1
Let c(v) = 2*v + 1. Let g be (207/18)/((-2)/(-4)). Let z be ((-5)/3 + (g - 22))*-6. Calculate c(z).
9
Let s(c) = 15*c - 173. Suppose 0*v = -v - 6*v + 77. Give s(v).
-8
Suppose -2*d = 4*w - 18, -3*d = -5*w + 3*w - 11. Suppose -3*f - d*c = 19, -3*c - 4 = 11. Let t(u) = 8*u**2 - 8*u**f - u**2 - 7*u. What is t(-7)?
0
Let c(n) be the third derivative of n**5/30 + n**4/6 + 49*n**3/6 + 86*n**2. Let v(q) be the first derivative of c(q). Calculate v(-2).
-4
Let w(a) = -10 - 465*a**2 + 453*a**2 - 3*a**3 + 8 + 0 - 2. Give w(-4).
-4
Let p = 444 + -431. Suppose 3*x - 3*v = -p - 5, 0 = -4*v. Let d(j) = j + 13. Calculate d(x).
7
Let o(u) = u**3 - u**2 - u - 1. Let t(n) = -4*n**3 + 7*n**2 + 6*n + 9. Let i(r) = -3*o(r) - t(r). Let d be (-20)/12*-2*(-3)/(-2). Calculate i(d).
4
Let w be 5/((2/2)/(-1)). Let l(s) = 13*s**3 - 8*s**2 - 8*s + 2. Let o(u) = 35*u**3 - 20*u**2 - 23*u + 6. Let v(c) = 8*l(c) - 3*o(c). Give v(w).
-2
Let n(i) = -12 - 125*i**2 - 143*i**2 + 269*i**2. Give n(-6).
24
Let f(g) be the first derivative of g**2 - g - 5602. Suppose -11 = t + 2*b, -2*b + 2 = -2*t - 2. Calculate f(t).
-11
Let g = 0 + -1. Let h(j) = -8*j**3 + 5*j**2 - 13*j + 36. Let l(m) = -m**3 + 2*m**2 - 4*m + 12. Let b(x) = -h(x) + 3*l(x). What is b(g)?
-5
Let t(m) = 10*m**3 - 7*m**2 - 11*m - 17. Let k(s) = -3*s**3 + 3*s**2 + 4*s + 6. Let f(v) = 7*k(v) + 2*t(v). Determine f(7).
50
Let t(w) be the first derivative of 2*w**3 - w**2/2 + w - 425. Give t(-2).
27
Suppose 4*b + 33 + 39 = 3*q, 9 = 3*b. Let x(f) = -q*f**2 - 23*f**2 - 3 + 50*f**2 - 2*f. Determine x(4).
-27
Let g(l) = -l - 16. Suppose -i = -4*i - 5*m - 450, 0 = -3*i + 5*m - 450. Let y = 143 + i. Calculate g(y).
-9
Let g(y) = -22*y - 35. Let f = 92 + -101. Let i(l) = -5*l - 9. Let w(u) = f*i(u) + 2*g(u). What is w(0)?
11
Let h(l) = -69*l + l**2 + 8*l + 32*l - 39 + 21*l + 36*l. Determine h(-29).
-10
Let k(w) = 5*w**2 - w + 13. Let g(x) = -19*x**2 - 5*x**2 + 15 + 30*x**2. Let c(l) = 4*g(l) - 5*k(l). What is c(4)?
-1
Let d(s) = -s**2 + 5*s + 16. Let w be d(7). Let h be 6*(2 + 20/(-8))*w. Let l(k) = k + 14. Give l(h).
8
Let k(p) = -p + 9. Let g = -91 - -158. Suppose -12*c + 41 + g = 0. Give k(c).
0
Let f(k) = -k**3 - 4*k**2 + 10. Let p(b) = -2*b**3 - 39*b**2 - 142*b + 12. Let l be p(-5). Determine f(l).
1
Let u(q) = 9*q**2 + 2*q - 3. Suppose -60*i - 1 = -61*i. Give u(i).
8
Let s(d) = -2*d + 3*d**3 - 5*d**3 + 3*d**3 + 13. Suppose 0 = 5*w - 2*p + 22, -3*w = 218*p - 221*p + 33. Give s(w).
13
Suppose 6*k - 2*k = -8. Let w be 1/(k + (-9)/(-6)). Let b(r) = -r**3 - r**2 + r + 1. Let x(q) = -q**2 - q. Let t(l) = -b(l) + x(l). Give t(w).
-5
Let l(m) = 2*m**3 + 26*m**2 + 62*m + 22. Suppose -488*o + 30 = -491*o. What is l(o)?
2
Let y(q) = 2*q - 11. Let r(n) = -n**3 + 6*n**2 - 5*n + 32. Let v be r(6). Suppose -v*p - 54 = 4*p. Determine y(p).
-29
Let u(d) = -60*d**2 - 95*d - 3. Let l(a) = -19*a**2 - 30*a - 1. Let y(w) = 19*l(w) - 6*u(w). Determine y(-3).
-10
Let m be (-3*1)/(12/(-8)). Let z(w) = 3*w + 0*w + 8*w - 10*w - 3 - w**3 - 3*w**m. Suppose 4*a + 1 = -15. What is z(a)?
9
Suppose 22*d + 62 = -26. Let a(z) = -2*z**3 - 4*z**2 + 6*z + 1. Calculate a(d).
41
Let h(u) = -5*u**2 + 2*u - 2. Suppose 5*n + 132 = 16*n. Suppose -2*v - n = -4*v + 2*a, -3*a = 2*v + 13. Give h(v).
-5
Let s(b) = -b + 13. Let j be s(15). Let i be 8/(1 - -1) - 1. Let w(a) = -i - 2 + 3 + a**2 + 2*a + 5. Determine w(j).
3
Let a(c) be the third derivative of 57*c**2 + 0 - 1/6*c**4 + 0*c + 1/2*c**3. Suppose -5*f = -16 + 1. What is a(f)?
-9
Suppose -166*x - 28 = -194*x. Let f(p) = p**2 - p. Calculate f(x).
0
Let l(h) = 2*h**3 + 13*h**2 + 4*h - 3. Suppose -41*d - 354 = 18*d. Give l(d).
9
Let j(c) = -c - 1. Let z(m) = -m**2 + 7*m + 7. Let v(l) = 5*j(l) + z(l). Suppose 3*y + 6 = -n, 47*n + 5*y = 52*n - 30. What is v(n)?
-1
Suppose -18*t = -15*t + m + 12, 0 = 4*t - m + 30. Let o(v) = 3*v + 32. Calculate o(t).
14
Let u(a) = -a**2 + 17*a. Let m(y) = -10*y + 1. Let l(i) = m(i) + u(i). Suppose -6*v - 20 = -2*v, 5*j - v = 30. What is l(j)?
11
Suppose 0 = -u + 3*k + 10, 2*u + 3*k = -3*u + 14. Suppose 0 = 6*b - u*b - 2. Let o(d) = b - 6 - 7 + 0*d - 8*d + d**3 - 8*d**2. What is o(9)?
-3
Suppose 3*y - 47 = 4*i - 33, 4*y + 14*i = -20. Let u(n) be the first derivative of 35 - 1/2*n**4 + 4*n - 4/3*n**3 + 1/2*n**y. Give u(-3).
19
Let m = -22053 - -22041. Let y(n) = -n + 1 - 3 - 9. What is y(m)?
1
Let l(p) = p**3 - p**2 - 4*p - 1. Suppose 58*u - 59*u = 0. Let d(f) = -f**3 - 7*f**2 - 6*f + 4. Let r be d(-6). Suppose r*b - 12 = -u. Give l(b).
5
Let f(o) = 7*o - 1. Let v(l) = -31*l + 4. Let a(y) = 9*f(y) + 2*v(y). Det